, 23, 7487
List the prime factors of 7336476.
2, 3, 7, 4159
What are the prime factors of 310105?
5, 109, 569
What are the prime factors of 2099228?
2, 17, 30871
List the prime factors of 562972.
2, 17, 487
List the prime factors of 11876154.
2, 3, 1979359
List the prime factors of 646406.
2, 41, 7883
List the prime factors of 829136.
2, 7, 11, 673
List the prime factors of 1967170.
2, 5, 196717
What are the prime factors of 709983?
3, 78887
List the prime factors of 932487.
3, 310829
List the prime factors of 4382479.
113, 38783
What are the prime factors of 4253172?
2, 3, 7, 11, 4603
List the prime factors of 59863.
59863
What are the prime factors of 843956?
2, 101, 2089
What are the prime factors of 2000272?
2, 125017
What are the prime factors of 6816579?
3, 7, 11, 23, 1283
What are the prime factors of 882122?
2, 29, 67, 227
What are the prime factors of 10406828?
2, 79, 32933
List the prime factors of 1600231.
197, 8123
List the prime factors of 1744302.
2, 3, 7, 17, 349
List the prime factors of 11938710.
2, 3, 5, 7, 139, 409
List the prime factors of 4263734.
2, 2131867
What are the prime factors of 854925?
3, 5, 11399
What are the prime factors of 2123400?
2, 3, 5, 3539
What are the prime factors of 169429?
13, 13033
What are the prime factors of 242923?
242923
List the prime factors of 8952685.
5, 7, 179, 1429
What are the prime factors of 10327852?
2, 2581963
List the prime factors of 1563809.
13, 120293
List the prime factors of 158092.
2, 11, 3593
List the prime factors of 681002.
2, 7, 6949
List the prime factors of 175675.
5, 7027
What are the prime factors of 8706636?
2, 3, 19, 4243
What are the prime factors of 55478?
2, 27739
What are the prime factors of 3960521?
3960521
What are the prime factors of 951758?
2, 475879
What are the prime factors of 4777155?
3, 5, 53, 2003
What are the prime factors of 1821082?
2, 349, 2609
List the prime factors of 10938859.
2213, 4943
List the prime factors of 10271553.
3, 17, 201403
What are the prime factors of 12517883?
7, 255467
What are the prime factors of 939285?
3, 5, 20873
What are the prime factors of 388330?
2, 5, 38833
What are the prime factors of 454736?
2, 97, 293
What are the prime factors of 12173706?
2, 3, 59, 3821
List the prime factors of 98416.
2, 6151
List the prime factors of 8339581.
8339581
What are the prime factors of 2770081?
227, 12203
List the prime factors of 145120.
2, 5, 907
What are the prime factors of 2021640?
2, 3, 5, 17, 991
List the prime factors of 855281.
7, 61, 2003
What are the prime factors of 536151?
3, 7, 11, 211
What are the prime factors of 376625?
5, 23, 131
What are the prime factors of 2651811?
3, 19, 46523
List the prime factors of 3311637.
3, 7, 31, 5087
What are the prime factors of 13853337?
3, 19, 23, 10567
List the prime factors of 10097108.
2, 7, 360611
What are the prime factors of 1250813?
1250813
List the prime factors of 18726369.
3, 1093, 5711
List the prime factors of 599953.
41, 14633
List the prime factors of 3434.
2, 17, 101
List the prime factors of 289286.
2, 109, 1327
What are the prime factors of 165522?
2, 3, 7, 563
What are the prime factors of 526332?
2, 3, 23, 1907
List the prime factors of 648357.
3, 216119
List the prime factors of 18841120.
2, 5, 117757
List the prime factors of 464746.
2, 17, 13669
List the prime factors of 10301890.
2, 5, 1009, 1021
What are the prime factors of 790913?
19, 41627
List the prime factors of 679282.
2, 23, 14767
What are the prime factors of 9980442?
2, 3, 184823
List the prime factors of 270052.
2, 181, 373
List the prime factors of 4080021.
3, 11, 123637
What are the prime factors of 30985718?
2, 15492859
What are the prime factors of 469670?
2, 5, 67, 701
List the prime factors of 97155.
3, 5, 17, 127
List the prime factors of 56951.
56951
List the prime factors of 6100198.
2, 13, 23, 101
What are the prime factors of 127165?
5, 29, 877
List the prime factors of 847257.
3, 109, 2591
What are the prime factors of 591814?
2, 499, 593
What are the prime factors of 107661?
3, 17, 2111
List the prime factors of 28740749.
19, 37, 40883
List the prime factors of 76145.
5, 97, 157
What are the prime factors of 182220?
2, 3, 5, 3037
What are the prime factors of 978034?
2, 293, 1669
What are the prime factors of 168760?
2, 5, 4219
List the prime factors of 711115.
5, 142223
What are the prime factors of 1718232?
2, 3, 71593
What are the prime factors of 309765?
3, 5, 107, 193
What are the prime factors of 228189?
3, 13, 5851
What are the prime factors of 2700384?
2, 3, 23, 1223
What are the prime factors of 9988385?
5, 11, 181607
List the prime factors of 30320377.
30320377
List the prime factors of 1535302.
2, 47, 16333
What are the prime factors of 33284?
2, 53, 157
What are the prime factors of 11822089?
17, 139, 5003
List the prime factors of 2961327.
3, 941, 1049
What are the prime factors of 1603055?
5, 320611
What are the prime factors of 2578592?
2, 61, 1321
List the prime factors of 15105973.
15105973
List the prime factors of 30499090.
2, 5, 3049909
What are the prime factors of 17906563?
17906563
List the prime factors of 931279.
131, 7109
What are the prime factors of 17791484?
2, 4447871
List the prime factors of 12061062.
2, 3, 13, 23, 83
What are the prime factors of 23324?
2, 7, 17
List the prime factors of 7247365.
5, 41, 35353
List the prime factors of 626898.
2, 3, 163, 641
List the prime factors of 41331229.
41331229
List the prime factors of 121556.
2, 30389
List the prime factors of 21182347.
83, 255209
List the prime factors of 1335608.
2, 73, 2287
List the prime factors of 1940591.
1229, 1579
What are the prime factors of 16501259?
173, 95383
List the prime factors of 21345212.
2, 7, 762329
List the prime factors of 1054282.
2, 151, 3491
List the prime factors of 108435.
3, 5, 7229
List the prime factors of 2788478.
2, 7, 11, 19, 953
What are the prime factors of 219671?
107, 2053
What are the prime factors of 480098?
2, 240049
List the prime factors of 5906478.
2, 3, 984413
What are the prime factors of 501399?
3, 55711
What are the prime factors of 1324517?
29, 45673
List the prime factors of 285698.
2, 7, 20407
What are the prime factors of 1545023?
19, 233, 349
List the prime factors of 1999966.
2, 999983
What are the prime factors of 1873278?
2, 3, 11, 9461
What are the prime factors of 754848?
2, 3, 2621
List the prime factors of 10768967.
11, 978997
List the prime factors of 20123136.
2, 3, 11, 397
List the prime factors of 40946.
2, 59, 347
What are the prime factors of 17920181?
17920181
What are the prime factors of 3319052?
2, 11, 241, 313
List the prime factors of 160731.
3, 5953
List the prime factors of 378717.
3, 41, 3079
What are the prime factors of 5913226?
2, 11, 268783
What are the prime factors of 467083?
467083
List the prime factors of 1810458.
2, 3, 13, 2579
What are the prime factors of 65290?
2, 5, 6529
List the prime factors of 813193.
89, 9137
What are the prime factors of 33252?
2, 3, 17, 163
List the prime factors of 331465.
5, 66293
What are the prime factors of 4519156?
2, 1129789
List the prime factors of 506880.
2, 3, 5, 11
List the prime factors of 1359400.
2, 5, 7, 971
List the prime factors of 15222173.
19, 211, 3797
What are the prime factors of 2539587?
3, 846529
What are the prime factors of 7697634?
2, 3, 7, 17, 10781
List the prime factors of 516139.
13, 39703
List the prime factors of 8117549.
11, 41, 439
List the prime factors of 164477.
164477
What are the prime factors of 291746?
2, 7, 13, 229
List the prime factors of 7238026.
2, 3619013
List the prime factors of 236104.
2, 11, 2683
What are the prime factors of 16916492?
2, 1979, 2137
List the prime factors of 4441451.
7, 634493
What are the prime factors of 69208?
2, 41, 211
What are the prime factors of 3290014?
2, 7, 13, 18077
List the prime factors of 3808938.
2, 3, 7, 23, 3943
List the prime factors of 26577407.
4057, 6551
List the prime factors of 93059.
93059
What are the prime factors of 599773?
19, 31567
What are the prime factors of 1625998?
2, 11, 6719
What are the prime factors of 1008978?
2, 3, 337, 499
List the prime factors of 188472.
2, 3, 7853
List the prime factors of 426716.
2, 107, 997
List the prime factors of 603825.
3, 5, 83, 97
List the p